mon factor of z and 23.
23
Let m(w) = w**3 + 7*w**2 + 2*w + 15. Let g be m(-7). Let x be (0 - 5)*(0 - 1)*-1. Let h be -2 - 18/(-4) - x/10. What is the greatest common factor of h and g?
1
Suppose a - 5*a + 156 = 0. Suppose -2*b = -17 + 19. Let k be ((2 - -3) + -317)*b. Calculate the highest common factor of a and k.
39
Let v = 87 - -9. Let n = v + -33. Suppose -8*k = k - n. What is the greatest common divisor of 14 and k?
7
Suppose 4*v = -2*d, 2*v + 3*d + 3 = -1. Let m be (30 - v) + 6 + -10. Calculate the highest common divisor of 35 and m.
5
Suppose -4*u + 8688 = 2*o, 3*o - 8755 - 4278 = -5*u. Calculate the greatest common factor of o and 106.
106
Let b be 3 + -3 + (0 - -2). Let g be (-1)/(-2) - (-101)/b. Suppose 170*h = 10998 + 15012. Calculate the highest common divisor of h and g.
51
Let m(h) = -67*h + 23. Let a be m(1). Let d be (-1 - -59) + a/22. Suppose 4*s = f - 96, -3*s = -4*f + 5 + 340. Calculate the greatest common factor of d and f.
28
Suppose 0 = 3*l + 3*l - 30. Suppose l*o + u = 28, -3*o + 33 = -u + 21. Suppose 4*f - 3*f - 40 = 0. Calculate the greatest common factor of o and f.
5
Let x be (-12 - 24786/(-63))/((-2)/(-14)) - -3. Calculate the highest common factor of 11 and x.
11
Let m(c) = 12*c**3 + 6*c**2 - 7*c + 3. Let z be m(1). Let k be -2 + (2 - -20)*2. Suppose j - k = -2*j. Calculate the highest common divisor of z and j.
14
Let b be (-3)/(-1 + 2) + 43. Let g be (1100/330)/(1 + (-22)/24). Calculate the highest common divisor of b and g.
40
Suppose -121*c - 29258 = -127510. What is the greatest common factor of 56 and c?
28
Suppose -24*z + 7*z = -68. Suppose -g + 449 = 3*f, 2*g - 6*g - z = 0. What is the greatest common factor of f and 100?
50
Let f(g) = 14*g**2 + 9*g. Let v be f(-8). Let l = 50904 + -50896. Calculate the highest common divisor of v and l.
8
Let m = -1403 + 1673. Suppose 12*x - 1474 = 470. Calculate the greatest common divisor of m and x.
54
Suppose 12*x + 5943 + 4617 = 15*x. What is the greatest common factor of 11 and x?
11
Suppose -5*b + 550 = -5*z, -4*b + 379 = -z - 55. What is the greatest common divisor of b and 2700?
108
Let j be 5*5 + (0 - 0). Suppose 23*a + 22*a = 47655. Let r = 1064 - a. What is the greatest common factor of j and r?
5
Let f = 10793 + -10212. Calculate the highest common factor of f and 1826.
83
Suppose 29*g - 3*g = -338. Let t(u) = u**3 + 14*u**2 + 17*u + 67. Let n be t(g). Let r = 49 - 19. Calculate the highest common factor of n and r.
15
Let g(q) = 283*q + 8. Let r be g(1). Let y = r - 281. Let c be -158*(-1)/2 + 1. What is the greatest common divisor of y and c?
10
Let j(w) = 5*w**2 - 6*w - 36. Let t be (384/(-224))/(3/(-21)). Let x be j(t). Calculate the highest common factor of x and 6.
6
Suppose 3930 = 207*v + 411. Suppose 4*g = 2*g + 102. Calculate the greatest common factor of v and g.
17
Let h = 502 + -485. What is the greatest common divisor of h and 1394?
17
Suppose -4*q - 41 = -5*q + 5*n, 0 = -4*q + 4*n + 212. Calculate the highest common factor of q and 1400.
56
Suppose 3*x - 15 = 0, -2*a + 2*x + 86 = -0*x. Suppose -3*n - 2*n - 3*y = -294, -156 = -3*n + 5*y. Let d = n - a. What is the greatest common factor of d and 3?
3
Suppose -2*b + 2*n = -1718, 0 = 4*b - 2*n - 2651 - 795. What is the highest common divisor of 384 and b?
96
Suppose -10*z - 108 = 8*z. Let b be ((-37)/(-2))/((-69)/z - 11). Calculate the greatest common divisor of b and 1.
1
Let p be (2*(-119)/7)/(-3 + 1). Let f = p - -74. What is the greatest common factor of f and 7?
7
Let j = 2467 + -1689. Suppose -906 = -4*x - j. Calculate the highest common factor of x and 12.
4
Suppose -9*l + 324 = -12*l. Let w = 128 + l. Calculate the greatest common divisor of w and 640.
20
Let d = -29 - -55. Suppose 0*a - 34*a + 85*a = 8619. Calculate the highest common divisor of a and d.
13
Let m(h) be the first derivative of -7*h**2 + 99*h - 7. Let i be m(0). What is the highest common factor of i and 22?
11
Let q be (8 + -7)/(3/(-15)) + 10. Let x be (-5 - (-278 - q)) + 0 + -3. What is the highest common divisor of x and 25?
25
Let w = -460 + 779. Suppose w = 40*y - 29*y. What is the greatest common divisor of y and 29?
29
Suppose 3*h = -z - 3*z - 1548, 0 = -5*h + 4*z - 2548. Let k = h + 525. What is the greatest common divisor of k and 117?
13
Let o be 29922/(-42) - (-39)/91. Let n = -658 - o. Calculate the highest common factor of n and 90.
18
Let r be 4 - ((-9)/(-36) - (-21)/12). Let m(l) = l**3 - 5*l**2 + 2*l + 4. Let d be m(5). Let s = d + -12. What is the highest common factor of s and r?
2
Suppose 3*k = 3*b - 93, -4*b + 6*k + 123 = -11. Calculate the greatest common factor of b and 22061.
13
Let f be 340/(-12)*24/(-10). Let z(l) = -l**3 - 5*l**2 - 11*l - 5. Let a be z(-7). What is the highest common factor of a and f?
34
Let n be (-18 - -19)*(1 + -2 + 2). Let c(w) = -17*w + 18. Let v be c(n). What is the highest common divisor of v and 32?
1
Suppose 0 = 3*o - 3*s - 174, -5*o = -6*o + 5*s + 78. Suppose 3*g - 2*w - 115 = 0, -4*g + 5*g + 3*w = o. What is the greatest common divisor of 533 and g?
41
Let i = 7015 + -6945. What is the highest common divisor of 230 and i?
10
Let x(y) = 3*y + 7. Let h be x(-9). Suppose 2*u + 15 = 3. Let k = u - h. What is the greatest common factor of 70 and k?
14
Let f(q) = -5*q + 16. Let n be f(-7). What is the greatest common factor of n and 5440?
17
Suppose -577 = -79*b + 76*b - 4*m, 0 = -2*b + 2*m + 422. What is the greatest common factor of 3857 and b?
203
Let g be 71/(((-232)/24)/(-29)). What is the greatest common factor of g and 44943?
213
Suppose -2*f - 8 = -p + 2*f, 4*p = 3*f + 19. Suppose -p*k = -114 + 18. Let d be 3/6 + 102125/2150. Calculate the greatest common factor of d and k.
24
Let f be ((-3404)/276)/((-1)/81). Calculate the highest common factor of 148 and f.
37
Let w be 60*((-234)/15)/(-1). Suppose -w = 4*r - 12*r. What is the highest common divisor of 36 and r?
9
Let a = 107 - -230. Let g = 346 - a. Calculate the greatest common divisor of g and 288.
9
Suppose -59*v = 51*v - 31460. What is the greatest common factor of 2834 and v?
26
Suppose -6*g = -140 + 134. Let t be g*(24/(-42))/(6/(-231)). What is the highest common factor of t and 198?
22
Let m = -5241 + 5773. What is the greatest common divisor of m and 70?
14
Let l(a) = -a**3 - 3*a**2 - 137*a - 1050. Let y be l(-7). What is the greatest common factor of 3615 and y?
15
Suppose -5*g - 170 = 2*z, 9*z - 4*g - 340 = 13*z. Let u be (-3*2 - -1)*17/z. What is the highest common divisor of 17 and u?
1
Let v = -4027 - -4126. Calculate the highest common factor of v and 2332.
11
Let p be (-76383)/(-2484)*32/12. Let r be ((-8)/6)/((-2)/3). Calculate the highest common divisor of r and p.
2
Suppose -21459 = -3*w + 4*z, 5870 = w + 4*z - 1299. Calculate the highest common factor of 17 and w.
17
Suppose -6*c + 2*c = -8. Suppose 0*y + y = 5*v - 203, -4*v - c*y = -154. Calculate the highest common divisor of 200 and v.
40
Let s = -21705 + 22089. Calculate the highest common factor of 4512 and s.
96
Suppose 48*l = -1362 + 3474. Calculate the greatest common factor of 2816 and l.
44
Suppose -6*l - 21 = -9. Let n be (5 + -6)*6*l. Calculate the greatest common factor of 4 and n.
4
Let z(b) = 45*b + 1522. Let n be z(50). What is the highest common factor of 164 and n?
164
Let r = -56 - -130. Let b = -33196 - -33381. What is the greatest common divisor of r and b?
37
Let a(b) = -25*b - 72. Let t(u) = -13*u - 37. Let l(f) = -2*a(f) + 5*t(f). Let y be l(-15). Calculate the greatest common divisor of 23 and y.
23
Let u(m) = 2*m**3 - 85*m**2 - 35*m - 238. Let v be u(43). What is the highest common divisor of v and 14?
2
Let d = -11813 - -11845. What is the highest common factor of d and 4624?
16
Let o(w) = 35*w**2 - 55*w. Let g be o(2). What is the highest common factor of 5 and g?
5
Suppose 3*z + 8 = 5*p + 28, -z + 2 = -4*p. Let b be (35/z)/(2/92). Calculate the greatest common factor of 23 and b.
23
Let i(z) = 19*z. Let b be i(0). Suppose -4*k + 4*s = 58 - 458, 4*s - 20 = b. What is the highest common factor of 175 and k?
35
Let d(o) be the second derivative of -o**4/6 - 23*o**3/6 + 15*o**2 - 105*o. Let z be d(-12). Calculate the highest common factor of z and 12.
6
Let p(o) = o**3 + 2*o**2. Let q be p(-2). Suppose b = -3*d + 17 - 